 factors of (1 - (-29)/3*-9)*-349 + 6.
2, 5, 19, 79
Let w be ((-3)/(-5))/((-15)/(-75)). Suppose -w*m = 4*v - 649, 0*m + 4*m = -3*v + 863. What are the prime factors of m?
5, 43
Let j = -182 + 184. Suppose 12*u = z + 8*u - 578, -j*u - 1724 = -3*z. List the prime factors of z.
2, 7, 41
Suppose -61*k + 63*k - 31062 = -4*g, 3*g - 62104 = -4*k. What are the prime factors of k?
19, 43
Let u(o) = 2*o - 44. Let x be u(22). Let c be (-1040)/32*(-4 + x). Suppose -r + 5*f + 96 = 0, -2*r + 34 + c = 4*f. What are the prime factors of r?
2, 43
Let c be (20/(-6))/((-10)/15). Suppose -c*p = -5 - 5. Suppose -57 = -p*w - 13. List the prime factors of w.
2, 11
Let v = -280 + 177. Let o = v - -95. List the prime factors of (-1)/(((-10)/(-1675))/(o/10)).
2, 67
Let c(h) = -8191*h - 10883. What are the prime factors of c(-9)?
2, 23, 683
List the prime factors of 13/((-91)/(-28)) + 11627.
3, 3877
Let w(f) = 9*f**2 - 28*f**2 - 5*f + 3 + 17*f**2 + 11*f**2. Let m be w(1). Suppose 3*b - 4*q = 300, -m*b + 200 = -5*b + 2*q. List the prime factors of b.
2, 5
Let p = -20738 + 87118. List the prime factors of p.
2, 5, 3319
Suppose 0 = 5*x - 4*f - 110034, -3*f - 10 - 8 = 0. List the prime factors of x.
2, 3, 19, 193
Let y(w) = w**2 - 18*w + 39. Let x be y(16). Let d = -15 - -288. Suppose -x*b - 6*b + d = 0. List the prime factors of b.
3, 7
Let d(s) = 434*s + 5083. What are the prime factors of d(31)?
3, 37, 167
Suppose -212*p + 211*p = 93. List the prime factors of (6/(-2))/(p/21452).
2, 173
Suppose 0 = -18*b + 28*b - 52810. What are the prime factors of b?
5281
Let k(l) = l**3 + 7*l**2 + 4*l - 6. Let f(q) = q**2 - 4*q - 11. Let z be f(5). Let u be k(z). Suppose 0 = p - u - 35. What are the prime factors of p?
41
Let d(s) = -3*s - 3. Let h be d(-9). Let r = h + -24. Suppose -2*l - 2*j = 3*l - 60, r = -5*j. What are the prime factors of l?
2, 3
Let d = 44 + -44. Suppose 4*t - 43 + 15 = d. List the prime factors of 2/t + 1452/14.
2, 13
Suppose 2*l = -5*n - 384, -2*l + 2 = -3*l. Let i = n + 138. Let v = 181 - i. What are the prime factors of v?
7, 17
What are the prime factors of (-368)/115*(-22170)/3?
2, 739
Let v(l) = 3*l**2 + 56*l - 2781. What are the prime factors of v(79)?
2, 17, 599
List the prime factors of (-379)/(-4)*136/(-8)*-4.
17, 379
Suppose -2*t - 2*o = -t + 21, t + 9 = 2*o. Let l be (-3)/(t/10) + -2. Suppose l = -7*i + 11*i - 200. List the prime factors of i.
2, 5
Let b(f) = 41*f - 52. Let h(a) = 247*a - 312. Let s(p) = 13*b(p) - 2*h(p). Suppose -2*o = 8, -80*o + 75*o = -5*g + 60. What are the prime factors of s(g)?
2, 5, 13
Let i(u) = 75*u + 138. Let k be i(-10). Let o = -342 - k. List the prime factors of o.
2, 3, 5
Let w(m) = m + 1. Let j be w(2). Let z be j/45*5 - (-2)/(-6). Suppose z = -4*p + 3*a + 42 + 34, 95 = 5*p + 3*a. List the prime factors of p.
19
Let a = 1508 + 7089. What are the prime factors of a?
8597
Let k(c) = 25*c**2 - 166*c - 35. List the prime factors of k(-10).
3, 5, 11
Suppose 135456 = 3*h + 3*r - 72381, 4*r = 3*h - 207837. What are the prime factors of h?
3, 7, 3299
Let q(s) = -s + 49. Let l be (-2)/(-4)*1*0. Suppose l*w = -4*w - 2*w. What are the prime factors of q(w)?
7
Let c(b) = -2278*b - 6841. List the prime factors of c(-11).
18217
Let r = -12176 + 16766. List the prime factors of r.
2, 3, 5, 17
Let x be 14/6 - 8/24. Suppose x*a - 18 = 5*a. List the prime factors of (-14)/a + (-6)/(-9).
3
List the prime factors of 5 - (0 + 83853)/(-11).
2, 1907
What are the prime factors of (-14 + 2780/210)*82074/(-8)*7?
2, 13679
Let h = -201 + 156. List the prime factors of ((-27)/h*-2)/(4/(-1190)).
3, 7, 17
Suppose -5*h - 30 = 90. List the prime factors of (2274/9)/(h/(-108)).
3, 379
Let w(z) = 17*z**2 - 85*z + 1884. What are the prime factors of w(24)?
2, 3, 11, 73
Let y(n) = -n**2 - 111*n - 319. Let d be y(-108). Let z be 4/2 + 0 + 1. Suppose -z*m + 54 = 3*w, -w + 12 = d*m - 22. List the prime factors of w.
2, 7
Suppose -3*a + s + 32 = 0, -a + 5*s + 0*s + 34 = 0. List the prime factors of (-18)/(-81) - (-1060)/a.
2, 59
Let u be (-178)/(-12) - 2 - 18/(-108). List the prime factors of (39/2)/u*194.
3, 97
Let i(t) = t**3 - 5*t**2 + 12. Let k be i(3). Let f be k/14 - (-228)/42. What are the prime factors of 1/5*-1 - (-591)/f?
2, 59
Suppose 6*b = -11 - 13. Let o be 1 + 51/(1 + 0/b). Let p = 73 - o. List the prime factors of p.
3, 7
What are the prime factors of (59557 - -11)/12 + 8 + (0 - 2)?
2, 5, 7, 71
Suppose -3*l - 4*o = -15483, 12*l + 2*o = 15*l - 15483. List the prime factors of l.
13, 397
Suppose -4*z = -3*j - 13126 + 67140, -2*j - 4*z = -36016. What are the prime factors of j?
2, 3, 3001
Let j(z) = -183*z**2 + 26*z + 2. Let m be j(-2). Let x = 70 - m. List the prime factors of x.
2, 3, 71
Let t be 6/(-6) + 5/(15/18). Suppose 0 = t*q + q - 642. What are the prime factors of q?
107
What are the prime factors of 11238*(-4 - 345/(-46))?
3, 7, 1873
Let y(g) = 5*g**3 + g**2 + 5*g + 13. Let t be y(8). Suppose -5*v + t = -4*c + c, -2*v = 2*c - 1074. What are the prime factors of v?
2, 67
Let q(p) = p**3 + 145*p**2 - 2*p + 2391. List the prime factors of q(0).
3, 797
What are the prime factors of (-36)/28 + 1 - (-1538155)/35?
3, 19, 257
Let v = -477 - -1996. Suppose 12*s = 557 + v. What are the prime factors of s?
173
Let v(o) = -o**3 - 30*o**2 + 9*o + 18. Let d(s) = s**3 + 6*s**2 - 2*s + 4. Let h be d(-7). What are the prime factors of v(h)?
2, 5, 7
Let t(f) = -108*f**3 - 2*f**2 - 35*f - 188. What are the prime factors of t(-5)?
3, 1493
Suppose 16*j = 18*j - 3342. Suppose -3450 + 941 = -3*m + 2*a, -3*a - j = -2*m. List the prime factors of m.
3, 31
Let k(g) = 8*g - 5*g**2 + g**3 - 2 + 10 - 5*g**2 + 4. Let f be k(9). Suppose 0 = -f*u + c + 215 + 24, 0 = 4*u + 2*c - 332. List the prime factors of u.
3
Suppose 3*l = -4 + 16, -4*m = -2*l - 20. Suppose -m*v + 976 + 1593 = 0. What are the prime factors of v?
367
Let l = -473 + 490. Suppose l + 153 = 5*k - v, -2*k + 65 = -v. List the prime factors of k.
5, 7
Let r(f) = 11*f + 220. Let x be r(-20). Suppose -3*j + 768 = 3*k, 4*j - 1040 = 4*k - x. What are the prime factors of j?
2, 3, 43
Let u = -140 - -168. What are the prime factors of (3 + (-92)/u)*-497?
2, 71
Let x = 12400 + -8769. List the prime factors of x.
3631
Let g(t) = 0*t + 0*t + 0 + 11 + 4*t. Let a be g(4). Suppose n = 5*r + a, 0 = -2*n + 3*r + 21 + 19. What are the prime factors of n?
17
Suppose -3*y + 3*c + 27 = 0, -2*y + 20 = -7*c + 6*c. Suppose 5*n + 24 = y*n. Suppose n*p - 436 = 144. What are the prime factors of p?
5, 29
Let w(x) = x**2 + 15*x - 2. Let s be w(-16). Suppose -s*c = 1742 - 21174. Suppose 0 = -13*h + 627 + c. What are the prime factors of h?
5, 31
Let a = 404 + -400. What are the prime factors of ((-8)/28 + 6009/84)*a?
3, 5, 19
Suppose -o + 61 - 60 = 0, -2*y - 2*o + 14424 = 0. List the prime factors of y.
7211
Let v = -6257 - -10138. What are the prime factors of v?
3881
Suppose 3*l = 2*f - 19, 3*f - 3 = 3. Suppose 7*a - 6 = 2*x + 3*a, x + 2*a = -7. What are the prime factors of (3 - x/(l/24))*-1?
3, 7
Let y(d) = -96*d**2 + 2*d - 9. Let n(i) = 95*i**2 - 2*i + 11. Let h(v) = -3*n(v) - 4*y(v). List the prime factors of h(2).
5, 79
Let k(j) = 28*j**3 - 5*j + 5*j**2 - 3 + 2 + 4*j + 94*j**3. Let n(t) = -61*t**3 - 3*t**2. Let a(p) = -4*k(p) - 7*n(p). What are the prime factors of a(-1)?
2, 31
Suppose -h - 2*h = -4*p + 1180, 3*p = 3*h + 888. Suppose 0 = -4*s - p + 1408. What are the prime factors of s?
3, 31
Suppose 92*i = 2010835 + 973829. What are the prime factors of i?
2, 3, 5407
Suppose 2*c + 30*w - 35*w - 7294 = 0, 4*c - w - 14588 = 0. What are the prime factors of c?
7, 521
Suppose 2*z - 20 = -14. Suppose 2*u = -z + 23. What are the prime factors of (-4)/20 - (-1962)/u?
2, 7
List the prime factors of 1/((-12)/(-123470)) + 24/(-144) - 2.
3, 127
Suppose -3*i - 8 = -23. Suppose i*x - 274 - 86 = 0. List the prime factors of x.
2, 3
Let n = 173 + -173. Suppose 5*r + n*s + 4*s = 2027, -4*s - 1636 = -4*r. What are the prime factors of r?
11, 37
Let y(i) = 3*i + 21. Let n be y(-6). Suppose -n*k - 27 = 9. Let b(p) = -p**3 - 11*p**2 - 4. List the prime factors of b(k).
2, 5, 7
Suppose 0 = 5*p + 4*j - 16793, 169*p + 6716 = 171*p + 2*j. List the prime factors of p.
3361
Let d = -6068 - -8019. What are the prime factors of d?
1951
Let i 